greatest common factor of i and 22.
22
Let y = 10670 - 10620. Calculate the greatest common factor of 1825 and y.
25
Suppose 0 = -4*u + 5*v + 31, -u + 5 = -0*u - 4*v. Suppose 0 = 4*t - u*t - 1340. Let k = -142 - t. Calculate the greatest common factor of 84 and k.
42
Suppose -91*h + 28023 + 15563 = -103561. What is the greatest common divisor of 66 and h?
33
Suppose -3756 = -4*v - 4*m, -556*m - 4689 = -5*v - 555*m. What is the greatest common factor of 434 and v?
14
Let f(u) = u**2 + 4*u - 2. Let i be f(-4). Suppose -2*x - 13 = -3*m, m - 3*x = 2*m - 8. Let p = m + i. What is the highest common factor of p and 27?
3
Suppose 2*u + 5*s - 13024 = 0, -6512 = -u + 1290*s - 1293*s. What is the highest common divisor of u and 352?
176
Let t be (674/3)/(8 + 115/(-15)). Suppose -t = -39*q - 206. Suppose -14 = -2*d - 2. Calculate the highest common divisor of d and q.
6
Suppose 10262 = 13*j - 3583 - 3510. What is the greatest common factor of j and 623?
89
Suppose 5*p - 635 = 5*v, 4*p + p + 3*v = 675. Let d be (-168)/(-105)*2/(8/10). Suppose -33 = -d*j + 3*j. Calculate the greatest common factor of p and j.
33
Let z = 32 - 24. Let g(d) = -4*d + 43. Let t be g(z). Suppose 3*u - 4*a = -13, -2*u + 27 = 5*a + 5. What is the greatest common divisor of t and u?
1
Suppose 137 = -5*q + 27. Let o be -3 + q/(-1) + -1. Let k be (-4)/o + (-340)/(-153). What is the highest common factor of 5 and k?
1
Suppose -11 = -4*v + 5. Suppose -4*m - 4*l + 8 = 0, 6 = -5*l + 16. Suppose v*g + 42 = -h + 3*h, m = g. Calculate the highest common factor of 3 and h.
3
Suppose -135 = -5*u - b, 3*u + 21 = 2*b + 102. Suppose 70*i + 1282 - 14890 = 42*i. What is the highest common divisor of i and u?
27
Let h be 2/15 + 98/15*11. What is the highest common divisor of 1278 and h?
18
Let b = 11152 - 11149. Calculate the highest common divisor of b and 723.
3
Let v be 5713 - (2/(-24)*-12 + 0). What is the greatest common divisor of 12 and v?
12
Let f(w) = w - 18. Let s be f(39). Suppose 194 = q + 3*y, 19*q + y + 423 = s*q. Calculate the highest common divisor of 11 and q.
11
Let y(g) = g**3 - 24*g**2 + 18*g + 124. Let r be y(23). Let u be (5 + r + -15)/((-2)/752). Calculate the highest common factor of 8 and u.
8
Suppose 268 = 2*y + 2*i, -5*y + i + 448 = -234. Calculate the greatest common factor of 187 and y.
17
Let f = 8942 + -8737. Calculate the greatest common factor of 15 and f.
5
Let t(h) = -h**3 - 20*h**2 - 40*h - 393. Let g be t(-19). What is the highest common factor of 1677 and g?
3
Let h(u) = 14*u - 86. Let p be h(6). Let w be (p + 27)/(-9 - -10). Calculate the greatest common divisor of 400 and w.
25
Suppose -5*t = -72 - 13. Let u be (-15810)/(-62)*2/2. What is the greatest common divisor of t and u?
17
Let j(b) = b**2 + 208*b - 2336. Let y be j(11). What is the highest common factor of 5183 and y?
73
Let l = 4908 + -3808. Calculate the highest common divisor of 88 and l.
44
Suppose 0 = 35*c - 108015 - 2760. What is the greatest common factor of c and 15?
15
Let u be (2 - (-32)/(-6))*(-2112)/220. Let t be (-2)/(-1) + (1 - -349). Calculate the greatest common divisor of t and u.
32
Let d(z) = -z**3 - 18*z**2 - 17*z. Let b be d(-17). Suppose b = 2*r + 95 - 111. Calculate the highest common factor of r and 88.
8
Let j = 156 + 36. Suppose 127 + 97 = -32*p. Let c(a) = -a**3 - 8*a**2 - 25*a - 102. Let x be c(p). Calculate the highest common factor of j and x.
24
Let o(l) = l**3 + 105*l**2 - 225*l - 299. Let i be o(-107). What is the greatest common factor of i and 14?
2
Let u(b) = 22*b + 63. Let q be u(-3). Let o be (-580)/(5 - -5)*(2 + q). Calculate the highest common divisor of o and 754.
58
Let j be ((57/12)/(-1))/((-128)/75264). Calculate the highest common factor of j and 513.
57
Suppose -5*h + 16 + 9 = 0. Suppose -x - 15 = h*w, 5*x + 5*w - 4 = 1. What is the greatest common factor of 65 and x?
5
Let n(a) = a**2 + 63*a + 615. Let z be n(-12). Let v(b) = 7*b + 2*b - 2*b + b**2 + 8. Let r be v(-6). Calculate the greatest common factor of r and z.
1
Suppose -2*h = -3*d - 6*h + 728, -718 = -3*d + h. Let u be -8*(6/5)/((-18)/d). Calculate the highest common factor of 4 and u.
4
Let i = 19062 + -18624. Calculate the highest common factor of 22119 and i.
219
Suppose 15*q + 42*q = -106*q + 178485. Calculate the greatest common factor of 8322 and q.
219
Suppose 0 = 44*n - 10193 - 26107. What is the highest common divisor of n and 132?
33
Suppose -k + 5*k = -4*x - 60, 5*x + 4*k + 73 = 0. Let v(h) = -2*h**3 - 27*h**2 - 13*h + 17. Let c be v(x). Calculate the highest common factor of c and 51.
17
Let t be 6/(-6) + -4*2*-5. Suppose -24 = -15*o + 13*o. Suppose o*i = 9*i + 195. What is the greatest common factor of i and t?
13
Let j = 21574 + -21440. What is the highest common factor of 6700 and j?
134
Let p(i) = -i**3 - 64*i**2 + 133*i + 627. Let b be p(-66). Calculate the greatest common factor of 2618 and b.
187
Let z = -125 - -95. Let j be -3 - 2/(12/z). Calculate the highest common divisor of j and 10.
2
Let w(a) = a**2 - 31*a + 39. Let n be w(30). Suppose 93*b - 1071 = 86*b. Calculate the greatest common divisor of b and n.
9
Let u be ((-3)/1)/(14 + (-153)/9). Calculate the greatest common factor of u and 97.
1
Let k = 16199 - 16175. What is the highest common factor of k and 114?
6
Suppose -16*m + 22*m - 216 = 0. Let z be (2/3)/(1/m). Calculate the highest common factor of 72 and z.
24
Let p(q) = -q**2 + 5*q - 1. Let a be p(2). Suppose i = 0, -a*h + h = -3*i - 88. Let w = 84 - 82. What is the highest common divisor of w and h?
2
Suppose 339*y - 320*y - 50160 = 0. What is the highest common divisor of y and 99?
33
Let s be 2/(-5) + (4165/(-25) - 1). Let f be (s/105)/((-2)/245). What is the greatest common factor of f and 14?
14
Let r(j) = -j**3 - 29*j**2 + 107*j + 55. Let g be r(-33). Calculate the highest common divisor of 308 and g.
44
Let o be ((-10 - -16) + -7)*-21. Let i = -141 - -204. Calculate the greatest common factor of o and i.
21
Let c(x) = 29*x + 16. Let s(v) = 25*v + 16. Let z(a) = -6*c(a) + 5*s(a). Let p be z(-4). Calculate the highest common divisor of p and 252.
36
Let m = -4451 + 4555. Calculate the highest common factor of 715 and m.
13
Let p = -36734 - -36746. Let m(d) = d**2 - 5*d - 3. Let c be m(-3). What is the greatest common factor of c and p?
3
Suppose 78*b - 6556 = -1096. Calculate the greatest common factor of b and 245.
35
Suppose -64*s + 67*s = 4*o - 7348, 5*o - 5*s - 9195 = 0. What is the highest common divisor of 3 and o?
1
Let m be ((-8)/(-6))/((-2)/(-45)). Suppose 1678 = 4*k + 5*a + 1393, 306 = 4*k + 2*a. Calculate the highest common factor of k and m.
10
Let z = 4857 + -4837. Calculate the greatest common factor of 820 and z.
20
Suppose -106 - 317 = -9*q. Suppose 3*n + 111 = 4*g, 4*g - n + q - 156 = 0. Suppose f - 6*f = -135. What is the highest common factor of f and g?
27
Let u(b) = -667*b + 1121. Let s be u(-17). Calculate the greatest common factor of 140 and s.
140
Let b(j) = -146*j + 1276. Let r be b(6). Calculate the highest common divisor of r and 500.
100
Let m be -1 + 4 - (-7 - 2). Suppose 5*p - 979 = -264. Suppose 3*i - p = 1. Calculate the highest common divisor of m and i.
12
Suppose -3*w + c + 335 = 0, 3*c + 140 = -3*w + 455. Let n(s) = 18*s + 88. Let f be n(0). What is the greatest common factor of w and f?
22
Suppose -36*h = -40*h + 24. What is the greatest common factor of 4 and h?
2
Let t be 2*(2/(-5))/((-180)/15975). Calculate the highest common factor of 639 and t.
71
Suppose -145 = -4*u + 3*v, 2*u - 3*v = 6 + 65. Let w = -574 - -575. Calculate the highest common factor of u and w.
1
Let v be 2/24*2 - (-1677607)/2154. What is the greatest common divisor of 41 and v?
41
Let g = -294 - -635. Let q = g + -149. Calculate the greatest common divisor of q and 24.
24
Let f be (-16)/(-6)*6/(-4). Let m be ((-10)/4 - f)*(1 + 1). Suppose -m*z + 0*z - j + 191 = 0, -4*j = -8. What is the greatest common factor of z and 21?
21
Suppose 668 = 7*n + 2642. Let u = n + 346. Let z(a) = 3*a - 4. Let s be z(4). Calculate the greatest common divisor of u and s.
8
Let h be ((-448)/(-12))/((-4)/(-16)) + (-2)/(-3). Calculate the highest common factor of 48 and h.
6
Suppose s = -13 + 79. Let w be (0 + 40)*s/5. Calculate the highest common factor of 33 and w.
